) + z(u). Determine d(-9).
-2
Let n be (-23)/5 + 4/(-10). Let i(s) = 3 - 2*s - 29 + 0*s + 25. Give i(n).
9
Let g be 13 - 14 - 9/(-6). Let p(l) be the first derivative of 8*l - 14 - g*l**2. Give p(-6).
14
Let v(c) = 46*c - 142*c - 12 - c**2 + 51*c + 49*c. Calculate v(8).
-44
Suppose 2*a - 20 = -5*d, 4*d - a - 23 = -4*a. Let j(k) = 2*k**2 - 4*k - 3*k**d + 6*k - k**2. What is j(2)?
-4
Let x(l) be the third derivative of l**5/60 + l**4/24 - l**3 + 25*l**2. Let g(n) = -n - 4. Let j be g(-4). Give x(j).
-6
Let i(u) = -4*u + 8. Let b = -31 + 37. Determine i(b).
-16
Let t = 4 + -7. Let o(c) be the second derivative of c**5/20 + c**4/4 - 2*c**3/3 - 3*c**2/2 + 129*c. Calculate o(t).
9
Let w(i) = -9*i - 18. Let a(h) = 19*h + 27. Let j(b) = 6*b + 9. Let o(v) = -2*a(v) + 7*j(v). Let t(l) = 13*o(l) + 6*w(l). Give t(6).
-3
Let p(y) = 14*y**2 - 23*y + 15. Let n(t) = 2*t**2 + t - 9*t + 5 + 3*t**2. Suppose 0 = 6*z - 29 + 65. Let m(a) = z*p(a) + 17*n(a). Calculate m(-4).
3
Let m(y) be the second derivative of 31*y - 2*y**2 + 1/2*y**3 + 1/4*y**4 + 0 - 1/20*y**5. Let s be 2/8 - (-30)/8. Calculate m(s).
-8
Let a(f) = 2*f - 24. Let u(c) = -6*c + 70. Let m(h) = -14*a(h) - 5*u(h). Determine m(7).
0
Let z(m) = -80*m + 9. Let o(f) = 78*f - 7. Let a(j) = 5*o(j) + 4*z(j). Determine a(-1).
-69
Let z = -1 + 1. Let r = z + 1. Let x(l) = 2*l**3 + 5*l**2 - 4*l. Let v(a) = a**3 + 6*a**2 - 5*a. Let n(w) = 4*v(w) - 5*x(w). Calculate n(r).
-7
Let u(l) be the first derivative of -7/2*l**2 + 3*l + 5/3*l**3 + 1. Let n(x) = -x**2 + x - 1. Let p(g) = -4*n(g) - u(g). Determine p(4).
-3
Let m(t) = 3*t**2 + 3*t + 103962*t**3 - 103963*t**3 - 1 - 2*t. What is m(-2)?
17
Let p(a) be the first derivative of -2*a**2 - 4*a + 8. Let n be p(-7). Let h be ((-1)/(-3))/(n/(-72)). Let k(d) = -d**2 + 2*d + 1. Calculate k(h).
-2
Let r(m) = m**3 + m + 3. Let c be 490/196 + 1/2. What is r(c)?
33
Suppose 24*m - 59 - 109 = 0. Let f(o) = o**2 + 1. Give f(m).
50
Let i(q) be the second derivative of q**5/20 - q**4 + 11*q**3/6 - 2*q**2 + 14*q + 7. Give i(11).
-4
Let h(r) = -18*r - 5 + r + 15*r. Calculate h(-8).
11
Suppose -5*j + 11 = -14. Let p(d) = -4*d**3 - 6*d**2 - d - 2. Let r(i) = -7*i**3 - 12*i**2 - 3*i - 3. Let h(u) = j*p(u) - 3*r(u). Calculate h(-5).
4
Let z be ((-6)/7*1)/(12/(-84)). Let i(q) be the second derivative of 1/20*q**5 - 3*q**2 + 0 - 2/3*q**3 + z*q + 1/4*q**4. What is i(-4)?
-6
Let t(m) = m**3 - 7*m**2 + 6*m + 4. Suppose 3*z + 72 = 3*o, -2*o + 2 = 10. Let j = 34 + z. Calculate t(j).
4
Let c(m) = 2*m - 4. Suppose 3*o = 15 - 3. Suppose 3*h - o = 4*h. Let f(v) = 3*v + 9. Let k be f(h). Determine c(k).
-10
Let i(s) = 4*s**2 + 3*s + 3. Suppose 72 = -335*j + 347*j. Let y = -4 - -11. Suppose 7 + j = g + 5*z, 0 = -5*g - z - y. What is i(g)?
13
Let k(s) = -3*s**3 - 6*s**2 + 9*s - 2. Let c = -107 + 112. Let w(h) = -2*h**3 - 3*h**2 + 5*h - 1. Let x(i) = c*w(i) - 3*k(i). Give x(2).
1
Let p(a) = -a**3 + 4*a**2 - a + 4. Let y(z) = -3*z**3 + 11*z**2 - 3*z + 13. Let o(r) = 11*p(r) - 4*y(r). Let i = -2 + 2. Determine o(i).
-8
Let m(y) = 46*y**3 + 3*y - 1. Let q be m(1). Let t be (-160)/q*((-36)/(-10))/(-3). Let j(o) = o**3 - 5*o**2 + 3*o. Calculate j(t).
-4
Let c(u) = -1 + 17*u + 13*u - 21*u. Let j(g) = -g**2 - 3*g. Let n be j(-3). Suppose n*p = -2*p + 2. What is c(p)?
8
Let v(x) = -2*x**3 + 6*x**2 - 2*x**3 - 150 + 147 - x. Let c(z) = -11*z**3 + 18*z**2 - 3*z - 8. Let b(n) = 3*c(n) - 8*v(n). What is b(6)?
-6
Let g(l) = l**3 + 2*l. Let w(v) = 35*v**3 + 2*v**2 - 4*v - 1. Let m(k) = 2*g(k) + w(k). Determine m(-1).
-36
Let j(m) = -4*m + 28. Suppose 2*c = 7*c - 70. Give j(c).
-28
Let m(d) = -d**2 + 4*d. Let c be m(3). Let b = 493 - 106. Let h(j) = b + 2*j - 389 + 3*j - 2*j**2. Determine h(c).
-5
Let g(y) = -2*y + 3. Let v be 6/27 + (-58)/18. Let p(a) = a**2 + 3*a + 2. Let j be p(v). Suppose -u = -7 + j. Determine g(u).
-7
Let z(w) = 4*w - 1. Let k be (-93)/6 - 3/6. Let p(f) = -f**2 - 16*f + 3. Let i be p(k). Suppose -i*m = 19 - 7. Determine z(m).
-17
Let v(c) = -14*c - 1. Let x(d) be the third derivative of -7*d**4/24 - 25*d**3/3 - 28*d**2. Let y be x(-7). What is v(y)?
13
Suppose -5*t + 3*p - p - 21 = 0, 0 = -2*t + 5*p. Let n be 2/1 + -4 - t. Let m(h) = n*h + 0 + 11 - 4*h. Calculate m(0).
11
Let o(f) = -f. Let w be (6/(-5))/(4/(-30)*3). Calculate o(w).
-3
Let j(h) = 13*h - 4*h - 19 - 12*h + 11 + h**3 - 4*h**2 + 4. Determine j(3).
-22
Suppose 7 = 5*p - 3. Let x(f) = 2*f**2 - 3*f**p - 3 + 5 + 4*f. What is x(4)?
2
Let r(s) = s + s**2 + 0*s**2 + 0*s - 7 - s**3. Let d = 652 + -652. Determine r(d).
-7
Let z(g) = g**3 - g - 11. Suppose -4*y - 12 = 3*v, 16 = 5*y - 4*v - 0*v. Determine z(y).
-11
Let u(s) = 10*s - 12. Let z be u(2). Suppose o - z = 5*b + 1, -2*b + 5*o - 22 = 0. Let d(t) = 6*t. Determine d(b).
-6
Let a(t) be the second derivative of -t**5/20 - t**4/3 - 2*t**3/3 + 2*t**2 + t - 365. Determine a(-4).
20
Let k = -124 + 137. Let g(s) = -s**3 + 14*s**2 - 13*s - 5. Calculate g(k).
-5
Let s(g) be the first derivative of g**3/3 - 3*g**2 - 2*g + 117. Suppose v = f - 3, 2*f - 5*v = -0*v - 6. Determine s(f).
5
Let h = -9 + 11. Suppose -3*y + 2*n + 34 = 0, -h*n - 28 + 4 = -2*y. Let d be ((-4)/y)/((-2)/30). Let i(w) = w**2 - 4*w - 8. Determine i(d).
4
Let p(o) = 3*o**2 - 5*o + 12. Let k(j) = -j**2 - 1. Let r(h) = 4*k(h) + p(h). What is r(-7)?
-6
Let r(k) = k + 20. Suppose 37*x + 185 + 148 = 0. What is r(x)?
11
Let m = 14 + -6. Let c = 11 - m. Let o(y) be the first derivative of y**3/3 - y**2 - 3*y + 9. What is o(c)?
0
Suppose 6*p = 16*p - 20. Let m(g) = -g**3 + g**2 + 2*g - 3. Let r = 13 + -9. Let q(t) = -t**3 + t**2 + 2*t - 3. Let d(o) = r*m(o) - 3*q(o). What is d(p)?
-3
Let b(n) be the third derivative of -n**5/120 - 5*n**4/24 - n**3/2 + 9*n**2. Let g(l) be the first derivative of b(l). Give g(7).
-12
Let q(m) = 7*m**3 - 18*m**2 + 2*m + 1. Let i(b) = -12*b**3 + 34*b**2 - 4*b - 1. Let j(n) = -3*i(n) - 5*q(n). Give j(12).
22
Suppose -n + 4*n = -18. Let t(h) = h**3 + 5*h**2 - 4*h + 8. What is t(n)?
-4
Let t(y) = y**2 + 7*y + 9. Let b be 36/(-3)*((-21)/6)/(-7). Give t(b).
3
Let k(c) = c - 1. Let m be ((-1)/2)/((-1)/(-2)). Let a(g) = 5*g. Let j(z) = m*a(z) + 6*k(z). Determine j(0).
-6
Let d(s) be the third derivative of -s**4/6 - s**3/2 - 667*s**2. Give d(-1).
1
Let v(u) = -9*u. Let q(s) be the first derivative of 1/4*s**4 - 4/3*s**3 - 4*s - 11 - 2*s**2. Let f be q(5). Determine v(f).
-9
Let x(t) be the first derivative of -25*t**2/2 + 2*t + 1. Let n(z) = 17*z - 1. Let y(j) = 7*n(j) + 5*x(j). Determine y(2).
-9
Let g(x) = 2*x - 257 + 522 - 257. Give g(-8).
-8
Let d(m) be the third derivative of -m**5/10 + m**4/8 + m**3/3 - 6*m**2. Calculate d(-2).
-28
Let p(u) = 3*u**2 - u. Let t(c) = -7*c**2 + 5*c + 5. Let z(a) = -2*p(a) - t(a). What is z(0)?
-5
Let r(v) = -v. Let i(b) = -b**2 - b + 14. Let p(d) = -i(d) + 5*r(d). Let j be p(7). Let o(k) = k**3 - 7*k**2 - k + 9. Determine o(j).
2
Let l = 6 - 0. Let r(g) = -5*g**3 - 3*g**2 - 15*g - 17. Let o(d) = -2*d**3 - 2*d**2 - 7*d - 8. Let v(p) = -7*o(p) + 3*r(p). Give v(l).
-7
Let d(w) be the third derivative of w**6/120 + w**5/60 - 5*w**4/24 - 7*w**3/6 + 205*w**2. What is d(-3)?
-10
Let d(s) = s + 4. Let k(b) = -6*b - 10*b - 59 + 17*b - 6*b. Let f(x) = -x - 15. Let w(z) = 9*f(z) - 2*k(z). Let m be w(13). Determine d(m).
0
Let o(p) be the first derivative of 0*p**2 + 2 - 1/4*p**4 + 1/3*p**3 + 0*p. Let w(s) = s**3 - 3*s**2 + 9*s - 12. Let b be w(2). Give o(b).
-4
Let o = 1 - -1. Suppose 3*r + x - 4 = 0, -4*x - 5 = 3*r + 6. Let u(a) = 0 + a - r + 0*a + 1. What is u(o)?
0
Let v be (-1 + 21)*589/(-76). Let l be 38/(-8) + v/124. Let y(u) = -u**2 - 2 - 5*u**2 + 1 - 2*u - u**3. Calculate y(l).
11
Let i(n) = n**3 - 5*n**2 - 3*n + 3. Let z(v) = 4*v - 19. Let d be z(6). What is i(d)?
-12
Let a(l) = 4*l - 28*l**2 - 10 + 7*l + 27*l**2. Suppose 0 = -10*y + 2*y + 80. Determine a(y).
0
Let n be 3 - 3*(-8)/12. Let h(o) = -3*o + 26. Let i(l) = -2*l + 17. Let q(x) = n*h(x) - 8*i(x). Calculate q(-6).
-12
Suppose -5*z - 10 = 3*b, 4*b - 4 = -3*z + 1. Let u(w) = 3*w + b*w + 2 - 3*w. What is u(-2)?
-8
Let v = -190 - -185. Let a(g) = 3 + 0*g + 4*g - 3*g. Calculate a(v).
-2
Let z(h) = -h**2 + 2*h + 7. Suppose 17*x - 19*x + 3*c = -3, -5*x - 4*c = -19. What is z(x)?
4
Suppose -5*l - 4 = 2*h, -9*l - 4 = -7*l